{"id":1883,"date":"2023-02-07T10:13:17","date_gmt":"2023-02-07T10:13:17","guid":{"rendered":"https:\/\/www.dartanja.com\/rooms\/cala-iris\/"},"modified":"2023-09-20T12:06:50","modified_gmt":"2023-09-20T12:06:50","slug":"cala-iris","status":"publish","type":"rooms","link":"https:\/\/www.dartanja.com\/en\/rooms\/cala-iris\/","title":{"rendered":"Cala Iris"},"content":{"rendered":"<p>Situ\u00e9e au rez-de-chauss\u00e9e et facile d\u2019acc\u00e8s vers les salons<br \/>\net le jardin, la chambre Cala Iris se d\u00e9cline dans des tons doux<br \/>\net profite d\u2019une belle lumi\u00e8re gr\u00e2ce \u00e0 sa verri\u00e8re.<br \/>\nCette jolie chambre, pour 1 ou 2 personnes, est \u00e9quip\u00e9e d\u2019un lit<br \/>\ndouble et d\u2019une salle de bains spacieuse avec douche.<\/p>\n<p>Jusqu\u2019\u00e0 2 personnes (chambre \u00e9quip\u00e9e pour personnes<br \/>\n\u00e0 mobilit\u00e9 r\u00e9duite)<\/p>\n<p>850 MAD Du 16 d\u00e9cembre au 07 Janvier et du 01 avril au 15 juin<\/p>\n<p>Basse saison : Du 20 septembre au 15 d\u00e9cembre<br \/>\net du 08 janvier au 31 Mars = 750 MAD<\/p>\n<p>Haute saison : Du 16 juin au 20 septembre = 1550 MAD<\/p>\n","protected":false},"featured_media":1887,"template":"","class_list":["post-1883","rooms","type-rooms","status-publish","has-post-thumbnail","hentry"],"acf":[],"_links":{"self":[{"href":"https:\/\/www.dartanja.com\/en\/wp-json\/wp\/v2\/rooms\/1883","targetHints":{"allow":["GET"]}}],"collection":[{"href":"https:\/\/www.dartanja.com\/en\/wp-json\/wp\/v2\/rooms"}],"about":[{"href":"https:\/\/www.dartanja.com\/en\/wp-json\/wp\/v2\/types\/rooms"}],"wp:featuredmedia":[{"embeddable":true,"href":"https:\/\/www.dartanja.com\/en\/wp-json\/wp\/v2\/media\/1887"}],"wp:attachment":[{"href":"https:\/\/www.dartanja.com\/en\/wp-json\/wp\/v2\/media?parent=1883"}],"curies":[{"name":"wp","href":"https:\/\/api.w.org\/{rel}","templated":true}]}}

<p>Située au rez-de-chaussée et facile d’accès vers les salons<br />
et le jardin, la chambre Cala Iris se décline dans des tons doux<br />
et profite d’une belle lumière grâce à sa verrière.<br />
Cette jolie chambre, pour 1 ou 2 personnes, est équipée d’un lit<br />
double et d’une salle de bains spacieuse avec douche.</p>
<p>Jusqu’à 2 personnes (chambre équipée pour personnes<br />
à mobilité réduite)</p>
<p>850 MAD Du 16 décembre au 07 Janvier et du 01 avril au 15 juin</p>
<p>Basse saison : Du 20 septembre au 15 décembre<br />
et du 08 janvier au 31 Mars = 750 MAD</p>
<p>Haute saison : Du 16 juin au 20 septembre = 1550 MAD</p>
